 m(s) = 593 + 22*s - 2*s - 593. Let p be m(3). Suppose p = -0*d + 6*d. Is d a prime number?
False
Suppose -2*f - 5*h = -3*h - 28038, 28026 = 2*f - 4*h. Is f prime?
False
Let f(a) = 475*a - 785. Is f(52) composite?
True
Suppose -14*u - 663 = -1909. Suppose 0*q - q = 52. Let f = u + q. Is f composite?
False
Suppose 4*a - 588 = v + v, 0 = -5*a + 5*v + 725. Suppose 3*i - a = 964. Is i composite?
True
Let t = -772 - -1294. Suppose -6*q + t = -0*q. Is q composite?
True
Is 962/14 - (-22)/77 a prime number?
False
Let z(y) = -4202*y**3 - 2*y**2 - 125*y - 124. Is z(-1) a prime number?
True
Let z(n) = 20*n - 11. Suppose -3*k = 2*v - 6, -2*k - 2 = 2. Is z(v) prime?
True
Let k(p) = -678*p - 185. Is k(-10) composite?
True
Let w be 64/8*11/2. Suppose 5*h + 3*r - w = 0, h + 6 = -5*r + 28. Suppose 0 = a + d - 146, 5*d = -2*a + h*a - 700. Is a a prime number?
False
Let c be 4/(-12)*0 + 0. Let x = c - -5. Suppose x*w + 256 - 701 = 0. Is w prime?
True
Suppose 0 = -p + 6*p + 4*n - 36529, 4*p + n = 29232. Is p composite?
False
Let f(q) = 0 - 2*q**3 + q**3 + 7 - 2*q - 4*q**2 + 8*q. Let d be f(-5). Suppose o - 3*n + 2708 = 3*o, -5*o + d*n = -6789. Is o composite?
True
Let h be (7 + -5)*(-122)/4. Let c = h - -216. Is c prime?
False
Let o be (-67)/((-3 + 0)/(-3)). Is 127*(o/(-5) + 14/(-35)) composite?
True
Let o(b) = -b**2 + 4. Let f be o(0). Let j be -1*f/6*-111. Let y = -31 + j. Is y a composite number?
False
Suppose 2*d + 2 = 4*b, 5*d = 2*b + 9 + 10. Suppose -h - 2866 = -4*a + h, -2*a = -b*h - 1423. Is a composite?
False
Let i(v) = -v + 8. Let p be i(5). Suppose 4*q - 4027 = -3*h, p*q + 2*h + 61 = 3082. Is q a prime number?
True
Let u be (-4)/(-3)*15/5. Let v be -1 + 6/8*u. Is (-25 + v)*(2 - 3) a composite number?
False
Let r(p) = 242*p - 2. Suppose -3*n - 2 = -4*n. Let a be r(n). Suppose -l - 31 = -a. Is l a composite number?
True
Let m(h) = 47*h - 9. Let b be (-14)/10 + (-27)/45. Let r be (4 - 0)*b/(-2). Is m(r) a prime number?
True
Is (-35693207)/(-132) + 2/(-24) a prime number?
False
Let a(k) = 5*k**2 + 11*k - 9. Let d(l) = 23*l**3 - l**2 - l - 1. Let g be d(-1). Let p = 14 + g. Is a(p) composite?
True
Let f(u) = 32*u - 1. Let s = 1 - -1. Suppose -3*p - 2*p + 3*g = -23, s*g = 2*p - 10. Is f(p) composite?
False
Let l = -181 - -18. Suppose 0 = 6*v - 46 - 1514. Let s = v + l. Is s prime?
True
Let w(o) be the third derivative of -o**6/120 - 11*o**5/60 + o**4/2 + 4*o**3/3 + 5*o**2. Let i be w(-12). Let r(l) = -l**3 + 9*l**2 + 6*l + 3. Is r(i) prime?
False
Let s be (1 + -2)/(0 - -1). Let r be (-2)/(-2) - (s - 7). Let a(d) = 4*d + 11. Is a(r) composite?
False
Suppose 0 = -2359*i + 2356*i + 51969. Is i a composite number?
True
Suppose -30*w = -39*w + 342. Suppose -2*t - k + 5*k = 0, -3*k = 3*t. Suppose t*p + 2*p = w. Is p a composite number?
False
Suppose -4*f - 8460 = -2*n - 774, 5*f = 4*n - 15378. Is n prime?
True
Let l(w) = 4*w**2 + 27*w + 16. Let v(c) = -2*c**3 + 15*c**2 - 4*c - 2. Let m be v(7). Is l(m) a composite number?
False
Suppose -2697 = -2*x - 2*g + 133, g = -3. Is x prime?
False
Let l = 3688 - 1867. Is l prime?
False
Let o(l) = 106*l**2 + 1. Let y be o(1). Let p be 53 + (2*3)/((-28)/14). Let s = y + p. Is s prime?
True
Let n(v) = 443*v + 39. Is n(20) a composite number?
True
Suppose -3428 = -2*w - a + 3*a, -5*w + 8535 = 2*a. Is w a composite number?
False
Suppose 0 = -d - 8 + 11. Is (37490/12 - 5) + d/(-18) a composite number?
False
Let t = -1112 - -2196. Suppose f - 5*f - t = 0. Let r = 494 + f. Is r composite?
False
Let j(c) be the first derivative of -119*c**4/4 + c**3 + 2*c**2 + 2*c - 5. Let f be j(-2). Suppose -a + 264 = b, 3*b = -a - 176 + f. Is b a composite number?
True
Let c be ((-4878)/15)/((-4)/10). Suppose -3585 = -6*x - c. Let h = x - 167. Is h a composite number?
True
Is -5 - ((-115598)/19 - (-60)/570) a prime number?
True
Let m be ((-3)/6)/(7/14). Is 162 - m/(0 - -1) composite?
False
Let s = 375 + -266. Is s a composite number?
False
Let r = 22755 - 8648. Is r composite?
False
Let b(d) = 4*d**3 - d**2 - 4*d + 3. Let z be b(8). Let y = 3316 - z. Is y prime?
True
Is -7 + -4 + (24145 - 1) a prime number?
True
Let u = 15 + -17. Is (-1 - 213/u)/(17/34) a composite number?
False
Suppose 5*d - 21698 = -363. Is d composite?
True
Let r = -512 + 266. Let i = -107 - r. Let z = 258 - i. Is z a composite number?
True
Suppose -2*w - 3*u - 10 = -4*w, -5*w = 2*u - 25. Suppose -w*o + 0*o = 0. Suppose 0 = -o*b + b - 95. Is b prime?
False
Let x = 686 + -29. Suppose 3129 = 3*v - x. Is v/6 + 6/9 a prime number?
True
Let x be (2 - 1)/((-7)/2 - -4). Suppose -x*d + 5486 = 3*d - p, 4*d + 4*p - 4384 = 0. Is d a prime number?
True
Let p(j) be the first derivative of 8*j**3/3 + j**2/2 - 7*j - 8. Let l be p(-5). Suppose -l = -5*q + 747. Is q a prime number?
False
Let y(z) = 44*z - 3. Let a(d) = -d**3 + 5*d**2 + 2*d - 6. Let s be a(5). Suppose 3*p = 2 + s. Is y(p) a prime number?
False
Let i(n) = 158*n - 11. Let l be (1 + -2)*2 - 0. Let v(p) = -157*p + 12. Let w(c) = l*v(c) - 3*i(c). Is w(-4) a composite number?
True
Let l = 24297 - 15914. Is l a prime number?
False
Let j = 12 - 11. Let i be 12*(j - 6/9). Suppose -i*p + 560 = -284. Is p prime?
True
Let x = -29 + 17. Is (1154/(-8))/(-5 + (-57)/x) a composite number?
False
Let v = 1007 + -1592. Is -1 - (4 + -3) - v/1 prime?
False
Suppose -30*q + 2082 = -24*q. Is q a composite number?
False
Let r(a) = -3*a**3 - 14*a**2 - 46*a + 37. Is r(-20) a composite number?
True
Let m(c) = -c**2 + 3*c + 3. Let i be m(3). Suppose 0*k + i = k. Let b = 16 + k. Is b a composite number?
False
Let b(t) = 414*t**2 - 200*t - 7. Is b(-4) a composite number?
False
Suppose -42*p + 65*p - 487117 = 0. Is p prime?
True
Suppose w = 7*w - 72. Is 81/w + 3/12 composite?
False
Let v(h) = 2*h**2 + 2. Let y be v(-2). Suppose -6*r = -4*r + y, 3*c + 4*r - 5059 = 0. Is c a prime number?
True
Suppose 5*i - 24 = i + 4*f, -2*f = -i + 8. Suppose -i*b - 1739 = -32335. Is b composite?
False
Suppose -3*q - 75 = -0*q. Let c be (30/q)/(2/(-10)). Is (1 - -705)*c/12 prime?
True
Suppose h + v + 28 = -0*h, 5*h - 4*v + 113 = 0. Let n be (-2124)/10 + (-10)/h. Is n/(-6)*9/6 a prime number?
True
Let g be 3591/(-33) - (-4)/(-22). Let p = -54 - g. Is p a composite number?
True
Let p(a) = -86*a**2 + 2*a - 8. Let r be p(-6). Let h = -670 - r. Is h a prime number?
False
Let q(o) = 16032*o + 25. Is q(1) composite?
False
Suppose 0 = -3*n + 13 + 11. Let u = n - 0. Suppose 0 = 3*z - u*z + 1945. Is z composite?
False
Suppose -33 - 3 = -2*b. Let a = -14 + b. Let g(n) = 5*n**2 + 5*n - 5. Is g(a) prime?
False
Let i = 105683 - 62352. Is i a prime number?
True
Suppose 84*t - 88*t = -10396. Let r = 2320 + t. Is r a prime number?
True
Suppose 0 = t - 5*c - 1193, 2*t - 2*c - 1398 = 1020. Is t a composite number?
False
Suppose 14 - 49 = -7*i. Suppose -4*n - 1204 = -z - i*n, -5*n = z - 1192. Is z prime?
False
Let v(t) = t**3 + 84*t**2 - 61*t - 49. Is v(-53) a prime number?
True
Suppose 750 = 5*b + 5*l - 5000, 0 = -2*b - l + 2296. Suppose 2*q = -0*q + b. Is q composite?
True
Let b = 6 - 28. Let t = b - -19. Is (t - -1) + -1 + 70 prime?
True
Let k(a) = -104*a - 115. Is k(-13) a composite number?
False
Is (-176605)/(-7) - (-14)/490*-10 composite?
False
Suppose -1 + 17 = 4*y. Suppose 5*w + 256 = -y. Let q = w + 194. Is q a composite number?
True
Let b be ((-21)/(-5))/((-9)/(-2745)). Suppose 2*o + b = 5*o. Is o a composite number?
True
Suppose -17 = 5*v - l + 3, 4*l + 12 = -3*v. Is (v + 3)*(-143 - 0) composite?
True
Suppose -978264 = -74*l - 242630. Is l a prime number?
True
Let y(w) = 56*w**2 - 10*w + 13. Is y(-4) a prime number?
False
Suppose -4*u - u - 4*j = 22569, 4*u - 2*j + 18076 = 0. Let p = -2670 - u. Is p a prime number?
True
Suppose 10 = 4*d - 34. Let n(r) = -r**2 + 11*r - 4. Let h be n(d). Let q(a) = 11*a**2 + 4*a - 3. Is q(h) a composite number?
False
Let u = 5870 + 302. Suppose 3*p - 5525 - u = 0. Is p prime?
False
Let m be ((-15)/12)/(-5)*-4. Let j be (0 - m)/(1/4). Suppose -j*y - y = -815. Is y a composite number?
False
Let c(y) = -y**3 + 15*y**2 - 29*y + 17. Let m be c(12). Is m/(-2)*(-8 - (-6)/(-3)) composite?
True
Let u = 22 + -20. Suppose 4*p - 2*m = 462, 5*m = -u*p + 110 + 115. Is p composite?
True
Is (3*1/3)/((-4)/(-113716)) a prime number?
True
Let l(k) = 2*k**2. Let d be l(